ed by t?
7
Suppose u = 6*u + 2*h - 246, 0 = 4*u + 4*h - 204. What is the remainder when u is divided by 13?
9
Let c(l) = l + 2. Let y be ((-1)/((-1)/1))/(-1). Calculate the remainder when c(8) is divided by ((-12)/10)/(y/5).
4
Let s(i) = i**2 + 10. Let k(h) = h**2 - 4*h - 5. Let v be k(5). What is the remainder when 28 is divided by s(v)?
8
Suppose -3*p + 38 = -5*v, 5*v = 26 - 1. Calculate the remainder when 82 is divided by p.
19
Let a be (-6)/(-3) + 37*-1. Suppose 0 = -3*p - 9 + 45. Calculate the remainder when (-243)/(-7) + (-10)/a is divided by p.
11
Calculate the remainder when 67 is divided by (-5)/(11/22*4/(-14)).
32
Let b = 2 + 0. Calculate the remainder when 15*1/(6/8) is divided by 10 + 2/4*b.
9
Let j = 0 - 0. Suppose 42 = 4*s - 2*u, j = -5*s - u + 39 + 3. Calculate the remainder when 16 is divided by s.
7
Suppose -8 = 4*k - 8*k. Calculate the remainder when 8 is divided by k.
0
Let w(q) = q**3 - 7*q**2 - 7*q + 4. Calculate the remainder when 45 is divided by w(8).
9
Let u = 8 + -4. Let t(h) = h**3 - 2*h**2 - 5*h + 2. What is the remainder when 54 is divided by t(u)?
12
Let t(i) = 4*i - 12. Calculate the remainder when 30 is divided by t(5).
6
Suppose -2*w = 2*w - 112. Suppose 4*t - w = 2*t. What is the remainder when (18/(-24))/((-1)/52) is divided by t?
11
Suppose 6 = 3*z - 6. Suppose 4*f + 6 = 190. What is the remainder when f is divided by 14 + 0 + 8/z?
14
Let a = 1 + 2. Suppose -44 = -a*j - j. Calculate the remainder when 19 is divided by j.
8
Let h be 1/(-4) + 57/(-12). Let j(b) = -b**3 - 4*b**2 + 3*b - 6. Let w(v) = 3*v + 5. What is the remainder when w(2) is divided by j(h)?
3
Let t = 54 - 24. Let n = -16 + t. What is the remainder when 50 is divided by 234/n + 4/14?
16
Suppose 0 = -4*m + x + 61 + 10, -36 = -3*m - 5*x. What is the remainder when m is divided by 4?
1
Suppose 4*b - u = 5*b - 40, 4*b - 151 = 5*u. What is the remainder when b is divided by (-1 - -2)/(-1) + 22?
18
Let n = -133 + 230. What is the remainder when n is divided by 11?
9
Suppose -v = -4*v + 15. Suppose -5*b + 327 + 108 = 0. Suppose -2*n - n = -3*q - b, 3*q - 185 = -v*n. Calculate the remainder when n is divided by 12.
10
Suppose 3*k + 1 = w, -3*w = -k + 6*k - 17. Let j(c) = 7*c**3 - 1. What is the remainder when j(k) is divided by 2?
0
Let d = 50 + -30. Calculate the remainder when 36 is divided by d.
16
Let k = 17 + -12. Let h = k + 6. Suppose h = 4*m - 9. Calculate the remainder when 9 is divided by m.
4
Let j = -12 - -28. Let s be (-4)/(-18) + (-7)/(-9). Calculate the remainder when j is divided by (-6)/((-3)/3*s).
4
Suppose -2*d + 4 + 0 = 0. What is the remainder when (d - 45/(-3))/1 is divided by (-3)/((-3)/7) + -1?
5
Let a(y) = -y**3 - 5*y**2 - y - 2. Let k be a(-5). Suppose 2*s = -k*s + 195. Calculate the remainder when s is divided by 14.
11
Let j be (-387)/(-11) + (-6)/33. Suppose -5*x - j = -c, 2*x = 2*c - 0*c - 22. Calculate the remainder when 43 is divided by 1 + -1 - 90/x.
13
Let c be 2 + 3/(6/8). What is the remainder when (-91)/(-4) - 2/(-8) is divided by ((-3)/c)/((-1)/12)?
5
Let m(a) = -a**3 - 10*a**2 + 7*a + 10. Let j be m(-10). Calculate the remainder when 59 is divided by 2/2*j/(-4).
14
Let l = -7 + 15. Calculate the remainder when (-34)/(-4) + 3/(-6) is divided by (-33)/(-12) - (-2)/l.
2
Suppose -2*y + f = -4*f - 17, -5*y + 90 = -3*f. Calculate the remainder when 40 is divided by y.
19
Suppose -6 = 2*o - 4*o + 4*s, o - 7 = s. Let l(d) be the third derivative of -11*d**4/8 - d**3/6 - 2*d**2. What is the remainder when l(-1) is divided by o?
10
Suppose 12 + 33 = 5*x. Calculate the remainder when (-1)/(((-1)/(-62))/((-2)/4)) is divided by x.
4
Suppose 0 = -4*h + 42 + 62. Calculate the remainder when h is divided by (1 + -7)*15/(-10).
8
Let d(p) be the third derivative of -p**5/30 - p**4/12 + p**3/6 - p**2. Let f be d(-2). Let o = f - -6. Calculate the remainder when o is divided by 3.
0
Let q be (4/3)/((-3)/(-9)). Suppose -84 = -4*p + q. What is the remainder when 64 is divided by p?
20
Suppose 28 = 5*w - 42. Suppose 8*n = 3*n + 20. Calculate the remainder when w is divided by -2 + n - 0 - -6.
6
Let b = -55 + 68. Calculate the remainder when b is divided by 9.
4
Suppose -h - 20 = -3*h. Suppose -3*a + 14 = f + 3*f, -3*a = 2*f - h. Suppose 0 = -0*d - a*d + 118. Calculate the remainder when d is divided by 20.
19
Suppose c + 184 = 5*x, -2*x - 4*c = 22 - 100. What is the remainder when 182 is divided by x?
34
Let p(f) = -f**2 + f + 39. What is the remainder when p(0) is divided by 10?
9
What is the remainder when 53 is divided by 105/(-10)*4/(-3)?
11
What is the remainder when (2/3)/(317/(-318) - -1) is divided by 54?
50
Let p = 82 - 14. Let a(n) = -6*n - 7. Calculate the remainder when p is divided by a(-5).
22
Suppose -2*g - 5*t = -g - 33, -g + 15 = -t. What is the remainder when 70 is divided by g?
16
Let g(y) = -y**3 + 2*y**2 + 3*y. Let a be g(-2). Let w(h) = -h**2 + 9*h + 13. What is the remainder when 6 is divided by w(a)?
0
Let l(m) = m**3 + 10*m**2 - 2. Let k be l(-7). Suppose 11*n + k = 16*n. What is the remainder when n is divided by 8?
5
Suppose -12 = -k - 3*k. Suppose -2*t = k*t - 65. Suppose -32 = -3*h - 5*p + 89, h - 45 = -4*p. What is the remainder when h is divided by t?
11
Let f(w) = w**2 - w + 14. Let t be f(0). Let s = t + 14. Suppose -v = 2*o - 11 - 14, 0 = -2*o - 2*v + 30. Calculate the remainder when s is divided by o.
8
Suppose 3*k + 2*k = -5*d - 5, 4*k + 10 = -d. Suppose -18 = -d*v + 20. What is the remainder when v is divided by 5?
4
Suppose -y = -3*y + 22. Let s = -3 - -6. What is the remainder when y is divided by s?
2
Let v = 117 + -74. What is the remainder when v is divided by 11?
10
Let x(a) = -a**3 - 10*a**2 + 10*a - 12. Let p be x(-11). Calculate the remainder when p/2*-2*31 is divided by 8.
7
Let z = 64 - 27. Let i = 8 + -9. What is the remainder when z is divided by 3 - (-10 + i + 1)?
11
Suppose 74 = 2*c + 2*n + n, c - n = 42. Suppose -2*o + 56 = 4*v, -4*v - 55 = -9*v + 5*o. Let r = 27 - v. Calculate the remainder when c is divided by r.
12
Let d be (-46)/((-3)/(6/4)). Suppose 0 = f - 0*f - d. What is the remainder when f is divided by 6?
5
Suppose -4*h + 9 = -s - 51, 0 = -4*s - 16. Suppose 56 + h = 3*c - 5*x, -5*c + 60 = 3*x. What is the remainder when (3 + -5 + -2)*(-301)/28 is divided by c?
13
What is the remainder when 58 is divided by -4 - (-12 - 4/2)?
8
Suppose 15*k + 52 = 17*k. Let p be (6/(-15))/(1/(-10)). Suppose 2*t - p*t = -18. What is the remainder when k is divided by t?
8
Let a(m) = -12*m**3 + 4*m. Let y be a(-3). Calculate the remainder when 14 is divided by 2/(-10) + y/60.
4
Let a = -35 - -58. Suppose 0 = -3*i + 2*p + 61, -i + 2*i + 2*p = a. What is the remainder when 13 is divided by i/4 - (-1)/(-4)?
3
Suppose -5*q - 5*g - 6 = -1, 3*q - 1 = -g. Let t(o) = -o**2 - 10. Let p be t(0). Let s = q - p. Calculate the remainder when 31 is divided by s.
9
Suppose 2*n = 5*n + y + 13, -4*y = 16. What is the remainder when 2 is divided by (0/n - 1) + 2?
0
Let f(j) = -17*j + 8. Let v(t) = -t**3 + t**2. Let u be v(-1). Suppose 0 = -r - u*r + 39. What is the remainder when f(-1) is divided by r?
12
Let q(p) = p - 1. What is the remainder when 35 is divided by q(14)?
9
Let v = 61 + 5. What is the remainder when v is divided by 34?
32
Suppose 1 = -3*b - 5. Let n(y) = 2*y**2 + 2*y + 1. Calculate the remainder when 14 is divided by n(b).
4
Suppose 0 = 3*a + 5*c + 11 - 35, 0 = -5*c + 15. Calculate the remainder when 9 is divided by 10/a*6/4.
4
Suppose -5*c + 99 = -71. Calculate the remainder when c is divided by 7.
6
Let m be (-1 + 2)/((-1)/(-13)). Let h = m - 7. What is the remainder when h is divided by (-7 + 2)*(-4)/5?
2
Let m(g) = 14*g - 2. Suppose o - 4*o = -9. Let a be m(o). Suppose -2*u = 3*u - a. What is the remainder when u is divided by 5?
3
Let c(s) = -9*s + 5. What is the remainder when c(-2) is divided by 5?
3
Let x(p) = -p**3 - 3*p**2 - 5*p + 4. Suppose 0*c - c + 74 = 0. Calculate the remainder when c is divided by x(-3).
17
Let c be (-10 + 1)*2/(-3). Let p = c - 2. Suppose -p*x + 60 = -x. What is the remainder when 59 is divided by x?
19
Let n(d) = d**3 + 6*d**2 - 5*d - 2. Let f be n(-7). What is the remainder when 12/f*2*-20 is divided by 8?
6
Suppose 0 = 5*t - 3*t - 112. Let a = -30 + t